{"id":63,"date":"2022-12-07T17:52:42","date_gmt":"2022-12-07T16:52:42","guid":{"rendered":"https:\/\/conscuritiba.esteri.it\/\/?page_id=63"},"modified":"2024-09-23T16:31:38","modified_gmt":"2024-09-23T19:31:38","slug":"la-sede","status":"publish","type":"page","link":"https:\/\/conscuritiba.esteri.it\/it\/chi-siamo\/la-sede\/","title":{"rendered":"La Sede"},"content":{"rendered":"<p>Il Consolato Generale d&#8217;Italia in Curitiba \u00e8 competente per gli Stati del Paran\u00e1 e di Santa Catarina.<\/p>\n<p>&nbsp;<\/p>\n<p><strong>Consolato Generale d&#8217;Italia in Curitiba<\/strong><br \/>\nAv. Vicente Machado, 2100<br \/>\nCap: 80420-011 &#8211; Curitiba &#8211; Paran\u00e1<br \/>\nTelefono:\u00a0<span class=\"baec5a81-e4d6-4674-97f3-e9220f0136c1\">+55-41-3883-1750<a title=\"Chiama: +55-41-3883-1750\" href=\"https:\/\/conscuritiba.esteri.it\/consolato_curitiba\/it\/il_consolato\/#\"><img decoding=\"async\" title=\"Chiama: +55-41-3883-1750\" src=\"data:image\/png;base64,iVBORw0KGgoAAAANSUhEUgAAABAAAAAQCAYAAAAf8\/9hAAABcklEQVR4XpXTPUvDUBTH4aR2c2hBQXGpTiIORhBcBOvgYKf0Awi+4Ggr1MVPIIrYdnEpShddHIyLi6AVXVxsRRDRwbi4KNgu4lCIv8i\/i6QRDzycy+09555LqOl5nhEUptPoJe1iDHU8oYlrlDw79m4QEbSLPexzsIc8hDRm8YBjLpj4q8EgxQdab+MNd4ghhQ2adIc1+ORAFEnWWfTDRp7GDfImlsIavKALLuqoqMGUCs4wHtagiQ5uc8kDyCOBKlP1k78QNTOZnMXCQRxWsbjl6iuskV41SQG2Gj9rikvcR1WcgKFDBa1LOEUK56hqv8BUFV3SGWkVS9JQ6Dsv4wQ1DKMPORUvkm78BhdQMI1CTa5I0yrcwSFqFD+SZ7DQesIkCG5S\/JpkHYERQRmuNsrZ7Grc+Ef8\/Bcoslkfae8Wc7CUHZ++TuAEBj86pHntjaDKXllPy6PW\/gkKFaThwp\/K87N8hDcQTTKKFTioSxqB8Q2BNX5JtAljwgAAAABJRU5ErkJggg==\" alt=\"\" \/><\/a><\/span>; Fax:\u00a0<span class=\"baec5a81-e4d6-4674-97f3-e9220f0136c1\">+55-41-3883-1773<a title=\"Chiama: +55-41-3883-1773\" href=\"https:\/\/conscuritiba.esteri.it\/consolato_curitiba\/it\/il_consolato\/#\"><img decoding=\"async\" title=\"Chiama: +55-41-3883-1773\" src=\"data:image\/png;base64,iVBORw0KGgoAAAANSUhEUgAAABAAAAAQCAYAAAAf8\/9hAAABcklEQVR4XpXTPUvDUBTH4aR2c2hBQXGpTiIORhBcBOvgYKf0Awi+4Ggr1MVPIIrYdnEpShddHIyLi6AVXVxsRRDRwbi4KNgu4lCIv8i\/i6QRDzycy+09555LqOl5nhEUptPoJe1iDHU8oYlrlDw79m4QEbSLPexzsIc8hDRm8YBjLpj4q8EgxQdab+MNd4ghhQ2adIc1+ORAFEnWWfTDRp7GDfImlsIavKALLuqoqMGUCs4wHtagiQ5uc8kDyCOBKlP1k78QNTOZnMXCQRxWsbjl6iuskV41SQG2Gj9rikvcR1WcgKFDBa1LOEUK56hqv8BUFV3SGWkVS9JQ6Dsv4wQ1DKMPORUvkm78BhdQMI1CTa5I0yrcwSFqFD+SZ7DQesIkCG5S\/JpkHYERQRmuNsrZ7Grc+Ef8\/Bcoslkfae8Wc7CUHZ++TuAEBj86pHntjaDKXllPy6PW\/gkKFaThwp\/K87N8hDcQTTKKFTioSxqB8Q2BNX5JtAljwgAAAABJRU5ErkJggg==\" alt=\"\" \/><\/a><\/span><br \/>\nEmail:\u00a0<a href=\"mailto:segreteria.curitiba@esteri.it\">segreteria.curitiba@esteri.it<\/a><\/p>\n<p><strong>Posta Elettronica Certificata PEC:\u00a0<\/strong><a href=\"mailto:con.curitiba@cert.esteri.it\">con.curitiba@cert.esteri.it<\/a>\u00a0<strong>\u00a0&#8211; solo per indirizzi abilitati esclusivamente alla ricezione di Posta Elettronica Certificata (PEC)<\/strong><\/p>\n<p><a href=\"https:\/\/goo.gl\/maps\/A1VZa7Z86g5rcY1o8\">https:\/\/goo.gl\/maps\/A1VZa7Z86g5rcY1o8<\/a><\/p>\n<p>&nbsp;<\/p>\n<p><strong>Ricevimento del pubblico<\/strong><\/p>\n<p>luned\u00ec, marted\u00ec, mercoled\u00ec, gioved\u00ec e venerd\u00ec\u00a0dalle ore 8:30 alle ore 12:45<\/p>\n","protected":false},"excerpt":{"rendered":"Il Consolato Generale d&#8217;Italia in Curitiba \u00e8 competente per gli Stati del Paran\u00e1 e di Santa Catarina. &nbsp; Consolato Generale d&#8217;Italia in Curitiba Av. Vicente Machado, 2100 Cap: 80420-011 &#8211; Curitiba &#8211; Paran\u00e1 Telefono:\u00a0+55-41-3883-1750; Fax:\u00a0+55-41-3883-1773 Email:\u00a0segreteria.curitiba@esteri.it Posta Elettronica Certificata PEC:\u00a0con.curitiba@cert.esteri.it\u00a0\u00a0&#8211; solo per indirizzi abilitati esclusivamente alla ricezione di Posta Elettronica Certificata (PEC) https:\/\/goo.gl\/maps\/A1VZa7Z86g5rcY1o8 &nbsp; Ricevimento [&hellip;]","protected":false},"author":3,"featured_media":0,"parent":10,"menu_order":0,"comment_status":"closed","ping_status":"closed","template":"","meta":{"footnotes":""},"class_list":["post-63","page","type-page","status-publish","hentry"],"_links":{"self":[{"href":"https:\/\/conscuritiba.esteri.it\/it\/wp-json\/wp\/v2\/pages\/63","targetHints":{"allow":["GET"]}}],"collection":[{"href":"https:\/\/conscuritiba.esteri.it\/it\/wp-json\/wp\/v2\/pages"}],"about":[{"href":"https:\/\/conscuritiba.esteri.it\/it\/wp-json\/wp\/v2\/types\/page"}],"author":[{"embeddable":true,"href":"https:\/\/conscuritiba.esteri.it\/it\/wp-json\/wp\/v2\/users\/3"}],"replies":[{"embeddable":true,"href":"https:\/\/conscuritiba.esteri.it\/it\/wp-json\/wp\/v2\/comments?post=63"}],"version-history":[{"count":1,"href":"https:\/\/conscuritiba.esteri.it\/it\/wp-json\/wp\/v2\/pages\/63\/revisions"}],"predecessor-version":[{"id":75,"href":"https:\/\/conscuritiba.esteri.it\/it\/wp-json\/wp\/v2\/pages\/63\/revisions\/75"}],"up":[{"embeddable":true,"href":"https:\/\/conscuritiba.esteri.it\/it\/wp-json\/wp\/v2\/pages\/10"}],"wp:attachment":[{"href":"https:\/\/conscuritiba.esteri.it\/it\/wp-json\/wp\/v2\/media?parent=63"}],"curies":[{"name":"wp","href":"https:\/\/api.w.org\/{rel}","templated":true}]}}

<p>Il Consolato Generale d&#8217;Italia in Curitiba è competente per gli Stati del Paraná e di Santa Catarina.</p>
<p>&nbsp;</p>
<p><strong>Consolato Generale d&#8217;Italia in Curitiba</strong><br />
Av. Vicente Machado, 2100<br />
Cap: 80420-011 &#8211; Curitiba &#8211; Paraná<br />
Telefono: <span class="baec5a81-e4d6-4674-97f3-e9220f0136c1">+55-41-3883-1750<a title="Chiama: +55-41-3883-1750" href="https://conscuritiba.esteri.it/consolato_curitiba/it/il_consolato/#"><img decoding="async" title="Chiama: +55-41-3883-1750" src="data:image/png;base64,iVBORw0KGgoAAAANSUhEUgAAABAAAAAQCAYAAAAf8/9hAAABcklEQVR4XpXTPUvDUBTH4aR2c2hBQXGpTiIORhBcBOvgYKf0Awi+4Ggr1MVPIIrYdnEpShddHIyLi6AVXVxsRRDRwbi4KNgu4lCIv8i/i6QRDzycy+09555LqOl5nhEUptPoJe1iDHU8oYlrlDw79m4QEbSLPexzsIc8hDRm8YBjLpj4q8EgxQdab+MNd4ghhQ2adIc1+ORAFEnWWfTDRp7GDfImlsIavKALLuqoqMGUCs4wHtagiQ5uc8kDyCOBKlP1k78QNTOZnMXCQRxWsbjl6iuskV41SQG2Gj9rikvcR1WcgKFDBa1LOEUK56hqv8BUFV3SGWkVS9JQ6Dsv4wQ1DKMPORUvkm78BhdQMI1CTa5I0yrcwSFqFD+SZ7DQesIkCG5S/JpkHYERQRmuNsrZ7Grc+Ef8/Bcoslkfae8Wc7CUHZ++TuAEBj86pHntjaDKXllPy6PW/gkKFaThwp/K87N8hDcQTTKKFTioSxqB8Q2BNX5JtAljwgAAAABJRU5ErkJggg==" alt="" /></a></span>; Fax: <span class="baec5a81-e4d6-4674-97f3-e9220f0136c1">+55-41-3883-1773<a title="Chiama: +55-41-3883-1773" href="https://conscuritiba.esteri.it/consolato_curitiba/it/il_consolato/#"><img decoding="async" title="Chiama: +55-41-3883-1773" src="data:image/png;base64,iVBORw0KGgoAAAANSUhEUgAAABAAAAAQCAYAAAAf8/9hAAABcklEQVR4XpXTPUvDUBTH4aR2c2hBQXGpTiIORhBcBOvgYKf0Awi+4Ggr1MVPIIrYdnEpShddHIyLi6AVXVxsRRDRwbi4KNgu4lCIv8i/i6QRDzycy+09555LqOl5nhEUptPoJe1iDHU8oYlrlDw79m4QEbSLPexzsIc8hDRm8YBjLpj4q8EgxQdab+MNd4ghhQ2adIc1+ORAFEnWWfTDRp7GDfImlsIavKALLuqoqMGUCs4wHtagiQ5uc8kDyCOBKlP1k78QNTOZnMXCQRxWsbjl6iuskV41SQG2Gj9rikvcR1WcgKFDBa1LOEUK56hqv8BUFV3SGWkVS9JQ6Dsv4wQ1DKMPORUvkm78BhdQMI1CTa5I0yrcwSFqFD+SZ7DQesIkCG5S/JpkHYERQRmuNsrZ7Grc+Ef8/Bcoslkfae8Wc7CUHZ++TuAEBj86pHntjaDKXllPy6PW/gkKFaThwp/K87N8hDcQTTKKFTioSxqB8Q2BNX5JtAljwgAAAABJRU5ErkJggg==" alt="" /></a></span><br />
Email: <a href="mailto:segreteria.curitiba@esteri.it">segreteria.curitiba@esteri.it</a></p>
<p><strong>Posta Elettronica Certificata PEC: </strong><a href="mailto:con.curitiba@cert.esteri.it">con.curitiba@cert.esteri.it</a> <strong> &#8211; solo per indirizzi abilitati esclusivamente alla ricezione di Posta Elettronica Certificata (PEC)</strong></p>
<p><a href="https://goo.gl/maps/A1VZa7Z86g5rcY1o8">https://goo.gl/maps/A1VZa7Z86g5rcY1o8</a></p>
<p>&nbsp;</p>
<p><strong>Ricevimento del pubblico</strong></p>
<p>lunedì, martedì, mercoledì, giovedì e venerdì dalle ore 8:30 alle ore 12:45</p>

Il Consolato Generale d&#8217;Italia in Curitiba è competente per gli Stati del Paraná e di Santa Catarina. &nbsp; Consolato Generale d&#8217;Italia in Curitiba Av. Vicente Machado, 2100 Cap: 80420-011 &#8211; Curitiba &#8211; Paraná Telefono: +55-41-3883-1750; Fax: +55-41-3883-1773 Email: segreteria.curitiba@esteri.it Posta Elettronica Certificata PEC: con.curitiba@cert.esteri.it  &#8211; solo per indirizzi abilitati esclusivamente alla ricezione di Posta Elettronica Certificata (PEC) https://goo.gl/maps/A1VZa7Z86g5rcY1o8 &nbsp; Ricevimento [&hellip;]
